{"id":100,"date":"2013-08-28T21:19:59","date_gmt":"2013-08-28T19:19:59","guid":{"rendered":"http:\/\/www.berc.rs\/?page_id=100"},"modified":"2021-02-07T00:19:59","modified_gmt":"2021-02-06T23:19:59","slug":"pomoc-podrska-deci-sa-razvojnim-poremecajima-i-tretman-tih-poremecaja","status":"publish","type":"page","link":"https:\/\/www.berc.rs\/?page_id=100","title":{"rendered":"Pomo\u0107, podr\u0161ka deci sa razvojnim smetnjama i njihov tretman"},"content":{"rendered":"<p>Namenjeno je deci:<\/p>\n<p>&#8211; sa te\u0161ko\u0107ama u savladavanju po\u010detnog \u010ditanja, pisanja, ra\u010dunanja,<\/p>\n<p>-sa poreme\u0107ajima pa\u017enje ;<\/p>\n<p>-nespretnoj deci (nesposobnost vezivanja\u00a0 pertli, nesamostalnost u obla\u010denju i svla\u010denju &#8230;) ;<\/p>\n<p>&#8211; sa smetnjama u govoru ( nedovoljno razvijen govor, lo\u0161a artikulacija glasova, mucanje\u2026)<\/p>\n","protected":false},"excerpt":{"rendered":"<p>Namenjeno je deci: &#8211; sa te\u0161ko\u0107ama u savladavanju po\u010detnog \u010ditanja, pisanja, ra\u010dunanja, -sa poreme\u0107ajima pa\u017enje ; -nespretnoj deci (nesposobnost vezivanja\u00a0 pertli, nesamostalnost u obla\u010denju i svla\u010denju &#8230;) ; &#8211; sa smetnjama u govoru ( nedovoljno razvijen govor, lo\u0161a artikulacija glasova, mucanje\u2026)<\/p>\n","protected":false},"author":1,"featured_media":0,"parent":2,"menu_order":2,"comment_status":"closed","ping_status":"closed","template":"","meta":{"footnotes":""},"_links":{"self":[{"href":"https:\/\/www.berc.rs\/index.php?rest_route=\/wp\/v2\/pages\/100"}],"collection":[{"href":"https:\/\/www.berc.rs\/index.php?rest_route=\/wp\/v2\/pages"}],"about":[{"href":"https:\/\/www.berc.rs\/index.php?rest_route=\/wp\/v2\/types\/page"}],"author":[{"embeddable":true,"href":"https:\/\/www.berc.rs\/index.php?rest_route=\/wp\/v2\/users\/1"}],"replies":[{"embeddable":true,"href":"https:\/\/www.berc.rs\/index.php?rest_route=%2Fwp%2Fv2%2Fcomments&post=100"}],"version-history":[{"count":0,"href":"https:\/\/www.berc.rs\/index.php?rest_route=\/wp\/v2\/pages\/100\/revisions"}],"up":[{"embeddable":true,"href":"https:\/\/www.berc.rs\/index.php?rest_route=\/wp\/v2\/pages\/2"}],"wp:attachment":[{"href":"https:\/\/www.berc.rs\/index.php?rest_route=%2Fwp%2Fv2%2Fmedia&parent=100"}],"curies":[{"name":"wp","href":"https:\/\/api.w.org\/{rel}","templated":true}]}}

Pomoć, podrška deci sa razvojnim smetnjama i njihov tretman

<p>Namenjeno je deci:</p>
<p>&#8211; sa teškoćama u savladavanju početnog čitanja, pisanja, računanja,</p>
<p>-sa poremećajima pažnje ;</p>
<p>-nespretnoj deci (nesposobnost vezivanja  pertli, nesamostalnost u oblačenju i svlačenju &#8230;) ;</p>
<p>&#8211; sa smetnjama u govoru ( nedovoljno razvijen govor, loša artikulacija glasova, mucanje…)</p>

<p>Namenjeno je deci: &#8211; sa teškoćama u savladavanju početnog čitanja, pisanja, računanja, -sa poremećajima pažnje ; -nespretnoj deci (nesposobnost vezivanja  pertli, nesamostalnost u oblačenju i svlačenju &#8230;) ; &#8211; sa smetnjama u govoru ( nedovoljno razvijen govor, loša artikulacija glasova, mucanje…)</p>
