{"id":1701,"date":"2022-09-30T23:11:15","date_gmt":"2022-09-30T21:11:15","guid":{"rendered":"http:\/\/www.berc.rs\/?page_id=1701"},"modified":"2022-09-30T23:49:48","modified_gmt":"2022-09-30T21:49:48","slug":"integracija-primitivnih-refleksa","status":"publish","type":"page","link":"https:\/\/www.berc.rs\/?page_id=1701","title":{"rendered":"Integracija primitivnih refleksa"},"content":{"rendered":"<div class=\"wpb-content-wrapper\"><p>[vc_row][vc_column][vc_column_text]<\/p>\n<h4><strong>AB\u00a0program <\/strong>&#8211; procena i ve\u017ebe integracije primitivnih refleksa kod dece<\/h4>\n<h4><\/h4>\n<h4>Autor programa je Aleksandra Bukovica, master defektolog-oligofrenolog, Brain Gym prakti\u010dar, RE&amp;KBT psihoterapeut pod supervizijom, autor programa NTC ve\u017ebe za mame i bebe&#8230;<\/h4>\n<h4><\/h4>\n<h4><strong>Program je novina u radu sa decom i jedinsven je u regionu, mo\u017eda i \u0161ire.<\/strong><br \/><strong>\u00a0AB\u00a0program\u00a0je namenjen svima koji se bave razvojem i radom sa decom ( psiholozima, vaspita\u010dima, defektolozima, fizioterapeutima, roditeljima&#8230;) .<\/strong><\/h4>\n<h4><\/h4>\n<h4>Primitivni refleksi, kao temelj pravilnog psihomotornog razvoja, integri\u0161u se u prvim godinama \u017eivota. Me\u0111utim, ukoliko se to ne dogodi, deca mogu imati razli\u010dite te\u0161ko\u0107e od problema u u\u010denju, koordinaciji, motorici, govoru do slabog imuniteta, anksioznosti, no\u0107nog mokrenja&#8230;<br \/>Neintegrisani primitivni refleksi su prisutni\u00a0 kod dece tipi\u010dnog razvoja i dece sa smetnjama u razvoju. Zbog toga je bitno uraditi njihovu procenu i tretman.<\/h4>\n<h4><\/h4>\n<h4>Polaznici<strong>\u00a0AB\u00a0programa<\/strong>\u00a0\u0107e ovladati teorijskim znanjem o razvojnom i neurolo\u0161kom zna\u010daju primitivnih refleksa i kroz prakti\u010dne ve\u017ebe nau\u010diti da procene i integri\u0161u 20 primitivnih refleksa.<br \/>Ve\u017ebama integracije primitivnih refleksa mo\u017eete raditi stimulaciju, prevenciju i naravno rehabilitaciju. Osim kod dece sa smetnjama u razvoju veliku primenu ima i kod dece tipi\u010dnog razvoja kod kojih zadr\u017eani refleksi mogu izazvati bla\u017ee probleme &#8211;\u00a0preciznost\u00a0 pokreta , te\u0161ko\u0107e u u\u010denju\u00a0itd.<\/h4>\n<h4><\/h4>\n<h4>\u00a0Rezultati se vide brzo, \u010desto i posle prvog tretmana, a \u0161to je najbitnije, nema nus pojava i ne mo\u017eete uraditi ni\u0161ta \u0161to mo\u017ee na\u0161koditi detetu.<\/h4>\n<h4><\/h4>\n<h4>Obuka\u00a0sadr\u017ei slede\u0107e celine:<\/h4>\n<h4><\/h4>\n<h4>&#8211; Primitivni refleksi, razvojni zna\u010daj, funkcija i podela<br \/>&#8211; Simetrije\u00a0<br \/>&#8211; Ve\u017ebe pripreme\u00a0za\u00a0u\u010denje, koncentracije&#8230;<br \/>&#8211; 20 refleksa pojedina\u010dno obra\u0111enih sa teorijskim delom o razvojnom zna\u010daju i posledicama neintegracije, testom za procenu refleksa, ve\u017ebama za stimulaciju i integraciju refleksa<br \/>&#8211; Profili dominantnosti.<\/h4>\n<h4><\/h4>\n<h4>Nakon zavr\u0161ene obuke dobija se priru\u010dnik i sertifikat.<\/h4>\n<h4><\/h4>\n\n<h4 class=\"wp-block-image size-full\"><a href=\"http:\/\/www.berc.rs\/wp-content\/uploads\/2022\/09\/Aleksandra-Bukovica.png\"><img loading=\"lazy\" decoding=\"async\" width=\"379\" height=\"462\" class=\"wp-image-1703 aligncenter\" src=\"http:\/\/www.berc.rs\/wp-content\/uploads\/2022\/09\/Aleksandra-Bukovica.png\" alt=\"\" srcset=\"https:\/\/www.berc.rs\/wp-content\/uploads\/2022\/09\/Aleksandra-Bukovica.png 379w, https:\/\/www.berc.rs\/wp-content\/uploads\/2022\/09\/Aleksandra-Bukovica-246x300.png 246w, https:\/\/www.berc.rs\/wp-content\/uploads\/2022\/09\/Aleksandra-Bukovica-370x451.png 370w, https:\/\/www.berc.rs\/wp-content\/uploads\/2022\/09\/Aleksandra-Bukovica-300x366.png 300w\" sizes=\"(max-width: 379px) 100vw, 379px\" \/><\/a><\/h4>\n<h4 class=\"wp-block-image size-full\" style=\"text-align: center;\">Aleksandra Bukovica ,<br \/>master defektolog-oligofrenolog,<br \/>Brain Gym prakti\u010dar,<br \/>RE&amp;KBT psihoterapeut pod supervizijom,<br \/>autor programa &#8221;NTC ve\u017ebe za mame i bebe&#8221;<\/h4>\n<h4><\/h4>\n<h4>\u00a0<\/h4>\n<p>&nbsp;<\/p>\n<p>&nbsp;<\/p>\n<p>&nbsp;<\/p>\n<h3>Prijavite se<\/h3>\n<p>[\/vc_column_text][\/vc_column][\/vc_row][vc_row][vc_column]\n<div class=\"wpcf7 no-js\" id=\"wpcf7-f790-o1\" lang=\"en-US\" dir=\"ltr\">\n<div class=\"screen-reader-response\"><p role=\"status\" aria-live=\"polite\" aria-atomic=\"true\"><\/p> <ul><\/ul><\/div>\n<form action=\"\/index.php?rest_route=%2Fwp%2Fv2%2Fpages%2F1701#wpcf7-f790-o1\" method=\"post\" class=\"wpcf7-form init\" aria-label=\"Contact form\" novalidate=\"novalidate\" data-status=\"init\">\n<div style=\"display: none;\">\n<input type=\"hidden\" name=\"_wpcf7\" value=\"790\" \/>\n<input type=\"hidden\" name=\"_wpcf7_version\" value=\"5.9.8\" \/>\n<input type=\"hidden\" name=\"_wpcf7_locale\" value=\"en_US\" \/>\n<input type=\"hidden\" name=\"_wpcf7_unit_tag\" value=\"wpcf7-f790-o1\" \/>\n<input type=\"hidden\" name=\"_wpcf7_container_post\" value=\"0\" \/>\n<input type=\"hidden\" name=\"_wpcf7_posted_data_hash\" value=\"\" \/>\n<\/div>\n<p><label> Ime i prezime *<br \/>\n<span class=\"wpcf7-form-control-wrap\" data-name=\"your-name\"><input size=\"40\" maxlength=\"400\" class=\"wpcf7-form-control wpcf7-text wpcf7-validates-as-required\" aria-required=\"true\" aria-invalid=\"false\" value=\"\" type=\"text\" name=\"your-name\" \/><\/span> <\/label>\n<\/p>\n<p><label> Email *<br \/>\n<span class=\"wpcf7-form-control-wrap\" data-name=\"your-email\"><input size=\"40\" maxlength=\"400\" class=\"wpcf7-form-control wpcf7-email wpcf7-validates-as-required wpcf7-text wpcf7-validates-as-email\" aria-required=\"true\" aria-invalid=\"false\" value=\"\" type=\"email\" name=\"your-email\" \/><\/span> <\/label>\n<\/p>\n<p><label> telefon<br \/>\n<span class=\"wpcf7-form-control-wrap\" data-name=\"your-subject\"><input size=\"40\" maxlength=\"400\" class=\"wpcf7-form-control wpcf7-text\" aria-invalid=\"false\" value=\"\" type=\"text\" name=\"your-subject\" \/><\/span> <\/label>\n<\/p>\n<p><label> Va\u0161a poruka<br \/>\n<span class=\"wpcf7-form-control-wrap\" data-name=\"your-message\"><textarea cols=\"40\" rows=\"10\" maxlength=\"2000\" class=\"wpcf7-form-control wpcf7-textarea\" aria-invalid=\"false\" name=\"your-message\"><\/textarea><\/span> <\/label>\n<\/p>\n<p><input class=\"wpcf7-form-control wpcf7-submit has-spinner\" type=\"submit\" value=\"Po\u0161alji\" \/>\n<\/p>\n<p><label> *Obavezno polje<\/label>\n<\/p><div class=\"wpcf7-response-output\" aria-hidden=\"true\"><\/div>\n<\/form>\n<\/div>\n[\/vc_column][\/vc_row]<\/p>\n<\/div>","protected":false},"excerpt":{"rendered":"<p>[vc_row][vc_column][vc_column_text] AB\u00a0program &#8211; procena i ve\u017ebe integracije primitivnih refleksa kod dece Autor programa je Aleksandra Bukovica, master defektolog-oligofrenolog, Brain Gym prakti\u010dar, RE&amp;KBT psihoterapeut pod supervizijom, autor programa NTC ve\u017ebe za mame i bebe&#8230; Program je novina u radu sa decom i jedinsven je u regionu, mo\u017eda i \u0161ire.\u00a0AB\u00a0program\u00a0je namenjen svima koji se bave razvojem i [&hellip;]<\/p>\n","protected":false},"author":1,"featured_media":0,"parent":1020,"menu_order":0,"comment_status":"closed","ping_status":"closed","template":"","meta":{"footnotes":""},"_links":{"self":[{"href":"https:\/\/www.berc.rs\/index.php?rest_route=\/wp\/v2\/pages\/1701"}],"collection":[{"href":"https:\/\/www.berc.rs\/index.php?rest_route=\/wp\/v2\/pages"}],"about":[{"href":"https:\/\/www.berc.rs\/index.php?rest_route=\/wp\/v2\/types\/page"}],"author":[{"embeddable":true,"href":"https:\/\/www.berc.rs\/index.php?rest_route=\/wp\/v2\/users\/1"}],"replies":[{"embeddable":true,"href":"https:\/\/www.berc.rs\/index.php?rest_route=%2Fwp%2Fv2%2Fcomments&post=1701"}],"version-history":[{"count":0,"href":"https:\/\/www.berc.rs\/index.php?rest_route=\/wp\/v2\/pages\/1701\/revisions"}],"up":[{"embeddable":true,"href":"https:\/\/www.berc.rs\/index.php?rest_route=\/wp\/v2\/pages\/1020"}],"wp:attachment":[{"href":"https:\/\/www.berc.rs\/index.php?rest_route=%2Fwp%2Fv2%2Fmedia&parent=1701"}],"curies":[{"name":"wp","href":"https:\/\/api.w.org\/{rel}","templated":true}]}}