{"id":1972,"date":"2024-05-28T23:02:30","date_gmt":"2024-05-28T21:02:30","guid":{"rendered":"https:\/\/www.berc.rs\/?page_id=1972"},"modified":"2024-05-28T23:22:53","modified_gmt":"2024-05-28T21:22:53","slug":"baam-program","status":"publish","type":"page","link":"https:\/\/www.berc.rs\/?page_id=1972","title":{"rendered":"BAAM PROGRAM"},"content":{"rendered":"<div class=\"wpb-content-wrapper\"><p>[vc_row][vc_column][vc_column_text css=&#8221;&#8221;]<\/p>\n<h3>Sportski vizuelni trening<\/h3>\n<p>&nbsp;[\/vc_column_text][\/vc_column][\/vc_row][vc_row][vc_column][vc_column_text css=&#8221;&#8221;]<\/p>\n<h4>Drage kolege,<\/h4>\n<h4>Sa zadovoljstvom vas obave\u0161tavam o realizaciji na\u0161eg novog programa BAAM, specijalno dizajniranog za posve\u0107ene defektologe, fizioterapeute i ostale \u010dlanove stru\u010dnog tima. Ova dvodnevna edukacija osmi\u0161ljena je da vam pru\u017ei znanja i ve\u0161tine koji \u0107e unaprediti va\u0161 rad kroz usavr\u0161avanje vidnih funkcija i integraciju primitivnih refleksa, kao neophodnih komponenti za uspe\u0161an tretman i rad. Vid nije bitan samo za detalje. Pokretljivost o\u010diju igra klju\u010dnu ulogu u \u010ditanju, pa\u017enji, pam\u0107enju, posturi&#8230; Jednostavnim ve\u017ebama stvori\u0107ete osovu i razviti ve\u0161tine neophodne za u\u010denje i svakodnevno funkcionisanje, uticati na efikasnost u radu&#8230;Nau\u010di\u0107ete koji primitivni refleksi su va\u017eni za vidne funkcije i \u010dija integracija \u0107e omogu\u0107iti njihov razvoj. Sve razvojne probleme sagleda\u0107ete iz novog ugla i tretirati na poseban na\u010din. Rezultati su vidljivi nakon prvog tretmana.<\/h4>\n<h4>Koja znanja \u0107ete ste\u0107i na na\u0161oj edukaciji:<br \/>\n&#8211; Znanje o vidnim funkcijama i primitivnim refleksima, kao i njihovom uticaju na \u0161kolska postignu\u0107a<br \/>\n&#8211; Identifikacija vizuelnih te\u0161ko\u0107a i pokazatelja neintegrisanih primitivnih refleksa kod dece i odraslih<br \/>\n&#8211; Program aktivnosti za pobolj\u0161anje vizuelnih i motornih sposobnosti, koncentracije, vreme reakcije, preciznosti i spre\u010davanje povreda<br \/>\n&#8211; Procena i aktivnosti za pobolj\u0161anje funkcionisanja leve i desne mo\u017edane hemisfere<\/p>\n<p>Autori i predava\u010di:<br \/>\nProf. dr Marija An\u0111elkovi\u0107, profesor na FASPER-u, sa vi\u0161ededecenijskim radnim iskustvom, autor mnogih stru\u010dnih i nau\u010dnih radova&#8230;<br \/>\nAleksandra Bukovica, master defektolog, autor programa Primitivni refleksi &#8211; procena i integracija kroz ve\u017ebe i igru AB, Brain Gym facilitator&#8230;<\/h4>\n<h4>Pozivamo vas da budete deo BAAM programa i da unapredite svoje metode rada.<\/h4>\n<p>[\/vc_column_text][\/vc_column][\/vc_row][vc_row][vc_column][vc_single_image image=&#8221;1973&#8243; img_size=&#8221;full&#8221; css=&#8221;&#8221;][\/vc_column][\/vc_row]<\/p>\n<\/div>","protected":false},"excerpt":{"rendered":"<p>[vc_row][vc_column][vc_column_text css=&#8221;&#8221;] Sportski vizuelni trening &nbsp;[\/vc_column_text][\/vc_column][\/vc_row][vc_row][vc_column][vc_column_text css=&#8221;&#8221;] Drage kolege, Sa zadovoljstvom vas obave\u0161tavam o realizaciji na\u0161eg novog programa BAAM, specijalno dizajniranog za posve\u0107ene defektologe, fizioterapeute i ostale \u010dlanove stru\u010dnog tima. Ova dvodnevna edukacija osmi\u0161ljena je da vam pru\u017ei znanja i ve\u0161tine koji \u0107e unaprediti va\u0161 rad kroz usavr\u0161avanje vidnih funkcija i integraciju primitivnih refleksa, kao [&hellip;]<\/p>\n","protected":false},"author":1,"featured_media":0,"parent":0,"menu_order":0,"comment_status":"closed","ping_status":"closed","template":"","meta":{"footnotes":""},"_links":{"self":[{"href":"https:\/\/www.berc.rs\/index.php?rest_route=\/wp\/v2\/pages\/1972"}],"collection":[{"href":"https:\/\/www.berc.rs\/index.php?rest_route=\/wp\/v2\/pages"}],"about":[{"href":"https:\/\/www.berc.rs\/index.php?rest_route=\/wp\/v2\/types\/page"}],"author":[{"embeddable":true,"href":"https:\/\/www.berc.rs\/index.php?rest_route=\/wp\/v2\/users\/1"}],"replies":[{"embeddable":true,"href":"https:\/\/www.berc.rs\/index.php?rest_route=%2Fwp%2Fv2%2Fcomments&post=1972"}],"version-history":[{"count":0,"href":"https:\/\/www.berc.rs\/index.php?rest_route=\/wp\/v2\/pages\/1972\/revisions"}],"wp:attachment":[{"href":"https:\/\/www.berc.rs\/index.php?rest_route=%2Fwp%2Fv2%2Fmedia&parent=1972"}],"curies":[{"name":"wp","href":"https:\/\/api.w.org\/{rel}","templated":true}]}}

<div class="wpb-content-wrapper"><p>[vc_row][vc_column][vc_column_text css=&#8221;&#8221;]</p>
<h3>Sportski vizuelni trening</h3>
<p>&nbsp;[/vc_column_text][/vc_column][/vc_row][vc_row][vc_column][vc_column_text css=&#8221;&#8221;]</p>
<h4>Drage kolege,</h4>
<h4>Sa zadovoljstvom vas obaveštavam o realizaciji našeg novog programa BAAM, specijalno dizajniranog za posvećene defektologe, fizioterapeute i ostale članove stručnog tima. Ova dvodnevna edukacija osmišljena je da vam pruži znanja i veštine koji će unaprediti vaš rad kroz usavršavanje vidnih funkcija i integraciju primitivnih refleksa, kao neophodnih komponenti za uspešan tretman i rad. Vid nije bitan samo za detalje. Pokretljivost očiju igra ključnu ulogu u čitanju, pažnji, pamćenju, posturi&#8230; Jednostavnim vežbama stvorićete osovu i razviti veštine neophodne za učenje i svakodnevno funkcionisanje, uticati na efikasnost u radu&#8230;Naučićete koji primitivni refleksi su važni za vidne funkcije i čija integracija će omogućiti njihov razvoj. Sve razvojne probleme sagledaćete iz novog ugla i tretirati na poseban način. Rezultati su vidljivi nakon prvog tretmana.</h4>
<h4>Koja znanja ćete steći na našoj edukaciji:<br />
&#8211; Znanje o vidnim funkcijama i primitivnim refleksima, kao i njihovom uticaju na školska postignuća<br />
&#8211; Identifikacija vizuelnih teškoća i pokazatelja neintegrisanih primitivnih refleksa kod dece i odraslih<br />
&#8211; Program aktivnosti za poboljšanje vizuelnih i motornih sposobnosti, koncentracije, vreme reakcije, preciznosti i sprečavanje povreda<br />
&#8211; Procena i aktivnosti za poboljšanje funkcionisanja leve i desne moždane hemisfere</p>
<p>Autori i predavači:<br />
Prof. dr Marija Anđelković, profesor na FASPER-u, sa višededecenijskim radnim iskustvom, autor mnogih stručnih i naučnih radova&#8230;<br />
Aleksandra Bukovica, master defektolog, autor programa Primitivni refleksi &#8211; procena i integracija kroz vežbe i igru AB, Brain Gym facilitator&#8230;</h4>
<h4>Pozivamo vas da budete deo BAAM programa i da unapredite svoje metode rada.</h4>
<p>[/vc_column_text][/vc_column][/vc_row][vc_row][vc_column][vc_single_image image=&#8221;1973&#8243; img_size=&#8221;full&#8221; css=&#8221;&#8221;][/vc_column][/vc_row]</p>
</div>

<p>[vc_row][vc_column][vc_column_text css=&#8221;&#8221;] Sportski vizuelni trening &nbsp;[/vc_column_text][/vc_column][/vc_row][vc_row][vc_column][vc_column_text css=&#8221;&#8221;] Drage kolege, Sa zadovoljstvom vas obaveštavam o realizaciji našeg novog programa BAAM, specijalno dizajniranog za posvećene defektologe, fizioterapeute i ostale članove stručnog tima. Ova dvodnevna edukacija osmišljena je da vam pruži znanja i veštine koji će unaprediti vaš rad kroz usavršavanje vidnih funkcija i integraciju primitivnih refleksa, kao [&hellip;]</p>
