{"id":987,"date":"2021-01-08T23:14:43","date_gmt":"2021-01-08T22:14:43","guid":{"rendered":"http:\/\/www.berc.rs\/?page_id=987"},"modified":"2024-09-30T23:46:53","modified_gmt":"2024-09-30T21:46:53","slug":"ntc-radionice-za-decu","status":"publish","type":"page","link":"https:\/\/www.berc.rs\/?page_id=987","title":{"rendered":"NTC radionice"},"content":{"rendered":"<div class=\"wpb-content-wrapper\"><p>[vc_row][vc_column width=&#8221;1\/6&#8243;][vc_hoverbox image=&#8221;1384&#8243; primary_title=&#8221;BELA&#8221; hover_title=&#8221;5 GODINA&#8221;]<\/p>\r\n<p style=\"text-align: center;\">Lokacije:<br \/>BERC, Mu\u0107kalica, Spajalica<\/p>\r\n<p>[\/vc_hoverbox][\/vc_column][vc_column width=&#8221;1\/6&#8243;][vc_hoverbox image=&#8221;1385&#8243; primary_title=&#8221;\u017dUTA&#8221; hover_title=&#8221;6 GODINA&#8221;]<\/p>\r\n<p style=\"text-align: center;\">BERC, Mu\u0107kalica<\/p>\r\n<p>[\/vc_hoverbox][\/vc_column][vc_column width=&#8221;1\/6&#8243;][vc_hoverbox image=&#8221;1386&#8243; primary_title=&#8221;NARAND\u017dASTA&#8221; hover_title=&#8221;7 GODINA&#8221;]<\/p>\r\n<p>&nbsp;<\/p>\r\n<p>BERC, PU T&amp;T<\/p>\r\n<p>[\/vc_hoverbox][\/vc_column][vc_column width=&#8221;1\/6&#8243;][vc_hoverbox image=&#8221;1679&#8243; primary_title=&#8221;CRVENA&#8221; hover_title=&#8221;8 GODINA&#8221;]<\/p>\r\n<p>BERC<\/p>\r\n<p>[\/vc_hoverbox][\/vc_column][vc_column width=&#8221;1\/6&#8243;][vc_hoverbox image=&#8221;1387&#8243; primary_title=&#8221;PLAVA&#8221; hover_title=&#8221;9 GODINA&#8221;]<\/p>\r\n<p style=\"text-align: center;\">Lokacije:<br \/>BERC, O\u0160 &#8221;Djordje Krsti\u0107&#8221;<\/p>\r\n<p>[\/vc_hoverbox][\/vc_column][vc_column width=&#8221;1\/6&#8243;][vc_hoverbox image=&#8221;1388&#8243; primary_title=&#8221;ZELENA&#8221; hover_title=&#8221;10 GODINA&#8221;]<\/p>\r\n<p>Lokacije:<\/p>\r\n<p>BERC, O\u0160 &#8221;Djordje Krsti\u0107&#8221;<strong><br \/><\/strong><\/p>\r\n<p>[\/vc_hoverbox][\/vc_column][\/vc_row][vc_row][vc_column width=&#8221;1\/3&#8243;][vc_hoverbox image=&#8221;2022&#8243; primary_title=&#8221;MINI 4&#8243; hover_title=&#8221;Mini 4&#8243; el_width=&#8221;60&#8243;]<\/p>\r\n<p>BERC, T&amp;T , Mu\u0107kalica, Spajalica<\/p>\r\n<p>[\/vc_hoverbox][\/vc_column][vc_column width=&#8221;1\/3&#8243;][vc_hoverbox image=&#8221;1523&#8243; primary_title=&#8221;NTC 0-3&#8243; hover_title=&#8221;BERC&#8221; el_width=&#8221;90&#8243;]<\/p>\r\n<p>BERC<\/p>\r\n<p>[\/vc_hoverbox][\/vc_column][vc_column width=&#8221;1\/3&#8243;][vc_hoverbox image=&#8221;2019&#8243; primary_title=&#8221;Science&#8221; hover_title=&#8221;BERC&#8221; el_width=&#8221;80&#8243;]<\/p>\r\n<p>Ilije Stojadinovi\u0107a 16<\/p>\r\n<p>[\/vc_hoverbox][\/vc_column][\/vc_row][vc_row][vc_column][vc_column_text css=&#8221;&#8221;]<\/h4>\r\n<p>NTC centar BERC realizuje NTC radionice na teritoriji op\u0161tina \u010cukarica, Rakovica<\/p>\r\n<h4><\/h4>\r\n<p>NTC sistem u\u010denja je program autora dr Ranka Rajovi\u0107a, \u010dlana Komiteta svetske Mense za darovitu decu i saradnik UNICEF-a za rano obrazovanje i koautora Uro\u0161a Petrovi\u0107a, pisca za decu i dobitnika Zlatne zna\u010dke Kulturno- prosvetne zajednice Srbije za doprinos kulturi.<\/p>\r\n<h4><\/h4>\r\n<p>NTC program \u00a0i radionice imaju za cilj:<br \/>&#8211; Podizanje intelektualnih sposobnosti dece<br \/>&#8211; Razvijanje brzine razmi\u0161ljanja, povezivanja i zaklju\u010divanja ( funkcionalno znanje)<br \/>&#8211; Pravovremeno uo\u010davanje darovitih u\u010denika i podsticanje razvoja njihove darovitosti<br \/>&#8211; Razvoj pa\u017enje i koncentracije &#8230;<\/p>\r\n<h4><\/h4>\r\n<h4><\/h4>\r\n<h4><\/h4>\r\n<h4><\/h4>\r\n<h4><\/h4>\r\n<p>Radionice su osmi\u0161ljene tako da deca na zanimljiv na\u010din, kroz igru ovladavaju razli\u010ditim tehnikama u\u010denja i pam\u0107enja, razvijaju krupnu i finu motoriku, akomodaciju oka &#8230; \u00a0Deca se podsti\u010du da nastavno gradivo usvajaju putem slikovnog prikaza, da koriste asocijacije, povezuju informacije i nau\u010deno tj. da razvijaju funkcionalno znanje.<\/p>\r\n<h4><\/h4>\r\n<p>NTC program se sprovodi u 17 dr\u017eava Evrope i dao je odli\u010dne rezultate.<\/p>\r\n<h4><\/h4>\r\n<p>Tokom \u0161kolske godine organizovana su dva ciklusa od po 16 radionica. Osim radionica sa predava\u010dima, jednu \u00a0radionicu deca imaju sa Uro\u0161em Petrovi\u0107em i art radionicu sa glumicom Tijanom Kesi\u0107 i njenim timom. Radionice se odr\u017eavaju jednom nedeljno u trajanju od 90 minuta.<\/p>\r\n<h4><\/h4>\r\n<p>Podela uzrasnih grupa na NTC radionicama za decu izgleda ovako:<\/p>\r\n<p>Mini 4 &#8211; deca uzrasta 4 godine<br \/>Bela grupa \u2013 deca uzrasta 5 godina<br \/>\u017duta grupa \u2013 deca uzrasta 6 godina<br \/>Narand\u017easta grupa \u2013deca uzrasta 7 godina<br \/>Crvena grupa &#8211; deca uzrasta 8 godina<br \/>Plava grupa \u2013 deca uzrasta 9 godina<br \/>Zelena grupa \u2013 deca uzrasta 10 godina<\/p>\r\n<div>Science radionice<\/div>\r\n<h4><!-- \/wp:paragraph --><\/h4>\r\n<p>[\/vc_column_text][\/vc_column][\/vc_row][vc_row][vc_column][vc_column_text]\n<div class=\"wpcf7 no-js\" id=\"wpcf7-f790-o1\" lang=\"en-US\" dir=\"ltr\">\n<div class=\"screen-reader-response\"><p role=\"status\" aria-live=\"polite\" aria-atomic=\"true\"><\/p> <ul><\/ul><\/div>\n<form action=\"\/index.php?rest_route=%2Fwp%2Fv2%2Fpages%2F987#wpcf7-f790-o1\" method=\"post\" class=\"wpcf7-form init\" aria-label=\"Contact form\" novalidate=\"novalidate\" data-status=\"init\">\n<div style=\"display: none;\">\n<input type=\"hidden\" name=\"_wpcf7\" value=\"790\" \/>\n<input type=\"hidden\" name=\"_wpcf7_version\" value=\"5.9.8\" \/>\n<input type=\"hidden\" name=\"_wpcf7_locale\" value=\"en_US\" \/>\n<input type=\"hidden\" name=\"_wpcf7_unit_tag\" value=\"wpcf7-f790-o1\" \/>\n<input type=\"hidden\" name=\"_wpcf7_container_post\" value=\"0\" \/>\n<input type=\"hidden\" name=\"_wpcf7_posted_data_hash\" value=\"\" \/>\n<\/div>\n<p><label> Ime i prezime *<br \/>\n<span class=\"wpcf7-form-control-wrap\" data-name=\"your-name\"><input size=\"40\" maxlength=\"400\" class=\"wpcf7-form-control wpcf7-text wpcf7-validates-as-required\" aria-required=\"true\" aria-invalid=\"false\" value=\"\" type=\"text\" name=\"your-name\" \/><\/span> <\/label>\n<\/p>\n<p><label> Email *<br \/>\n<span class=\"wpcf7-form-control-wrap\" data-name=\"your-email\"><input size=\"40\" maxlength=\"400\" class=\"wpcf7-form-control wpcf7-email wpcf7-validates-as-required wpcf7-text wpcf7-validates-as-email\" aria-required=\"true\" aria-invalid=\"false\" value=\"\" type=\"email\" name=\"your-email\" \/><\/span> <\/label>\n<\/p>\n<p><label> telefon<br \/>\n<span class=\"wpcf7-form-control-wrap\" data-name=\"your-subject\"><input size=\"40\" maxlength=\"400\" class=\"wpcf7-form-control wpcf7-text\" aria-invalid=\"false\" value=\"\" type=\"text\" name=\"your-subject\" \/><\/span> <\/label>\n<\/p>\n<p><label> Va\u0161a poruka<br \/>\n<span class=\"wpcf7-form-control-wrap\" data-name=\"your-message\"><textarea cols=\"40\" rows=\"10\" maxlength=\"2000\" class=\"wpcf7-form-control wpcf7-textarea\" aria-invalid=\"false\" name=\"your-message\"><\/textarea><\/span> <\/label>\n<\/p>\n<p><input class=\"wpcf7-form-control wpcf7-submit has-spinner\" type=\"submit\" value=\"Po\u0161alji\" \/>\n<\/p>\n<p><label> *Obavezno polje<\/label>\n<\/p><div class=\"wpcf7-response-output\" aria-hidden=\"true\"><\/div>\n<\/form>\n<\/div>\n[\/vc_column_text][\/vc_column][\/vc_row]<\/p><\/div>","protected":false},"excerpt":{"rendered":"<p>[vc_row][vc_column width=&#8221;1\/6&#8243;][vc_hoverbox image=&#8221;1384&#8243; primary_title=&#8221;BELA&#8221; hover_title=&#8221;5 GODINA&#8221;] Lokacije:BERC, Mu\u0107kalica, Spajalica [\/vc_hoverbox][\/vc_column][vc_column width=&#8221;1\/6&#8243;][vc_hoverbox image=&#8221;1385&#8243; primary_title=&#8221;\u017dUTA&#8221; hover_title=&#8221;6 GODINA&#8221;] BERC, Mu\u0107kalica [\/vc_hoverbox][\/vc_column][vc_column width=&#8221;1\/6&#8243;][vc_hoverbox image=&#8221;1386&#8243; primary_title=&#8221;NARAND\u017dASTA&#8221; hover_title=&#8221;7 GODINA&#8221;] &nbsp; BERC, PU T&amp;T [\/vc_hoverbox][\/vc_column][vc_column width=&#8221;1\/6&#8243;][vc_hoverbox image=&#8221;1679&#8243; primary_title=&#8221;CRVENA&#8221; hover_title=&#8221;8 GODINA&#8221;] BERC [\/vc_hoverbox][\/vc_column][vc_column width=&#8221;1\/6&#8243;][vc_hoverbox image=&#8221;1387&#8243; primary_title=&#8221;PLAVA&#8221; hover_title=&#8221;9 GODINA&#8221;] Lokacije:BERC, O\u0160 &#8221;Djordje Krsti\u0107&#8221; [\/vc_hoverbox][\/vc_column][vc_column width=&#8221;1\/6&#8243;][vc_hoverbox image=&#8221;1388&#8243; primary_title=&#8221;ZELENA&#8221; hover_title=&#8221;10 GODINA&#8221;] Lokacije: BERC, O\u0160 &#8221;Djordje Krsti\u0107&#8221; [&hellip;]<\/p>\n","protected":false},"author":1,"featured_media":0,"parent":0,"menu_order":0,"comment_status":"closed","ping_status":"closed","template":"","meta":{"footnotes":""},"_links":{"self":[{"href":"https:\/\/www.berc.rs\/index.php?rest_route=\/wp\/v2\/pages\/987"}],"collection":[{"href":"https:\/\/www.berc.rs\/index.php?rest_route=\/wp\/v2\/pages"}],"about":[{"href":"https:\/\/www.berc.rs\/index.php?rest_route=\/wp\/v2\/types\/page"}],"author":[{"embeddable":true,"href":"https:\/\/www.berc.rs\/index.php?rest_route=\/wp\/v2\/users\/1"}],"replies":[{"embeddable":true,"href":"https:\/\/www.berc.rs\/index.php?rest_route=%2Fwp%2Fv2%2Fcomments&post=987"}],"version-history":[{"count":0,"href":"https:\/\/www.berc.rs\/index.php?rest_route=\/wp\/v2\/pages\/987\/revisions"}],"wp:attachment":[{"href":"https:\/\/www.berc.rs\/index.php?rest_route=%2Fwp%2Fv2%2Fmedia&parent=987"}],"curies":[{"name":"wp","href":"https:\/\/api.w.org\/{rel}","templated":true}]}}